 the first derivative of -3*s**2/2 + 12*s + 29. Give b(8).
-12
Let o(m) = -7*m**2 - 22 + m**3 + 30 + 0*m**3. Calculate o(7).
8
Let j(a) = -2*a**3 - 13*a**2 + 8*a + 5. Let y(p) = p**3 + p**2 - 1. Let v(u) = j(u) + 3*y(u). Suppose -z - 33 - 16 = -5*i, -i + z = -13. Calculate v(i).
-7
Let h be (-3 - -9)*(-2)/(-6). Suppose h*x = -3*i - 3 - 3, -2*x - 6 = -2*i. Suppose 3 = 3*s - i. Let a(m) = -m**3 + 2*m**2 - 2*m + 1. Calculate a(s).
0
Let k be 8/(-24) + 16/(-6) + 5. Let z(m) = m**3 - 7*m**2 + 5*m + 8. Let a be z(6). Let o(r) = 3 + 9*r + a + k + r**2. Determine o(-6).
-11
Let l(p) = -15 + 31*p - 17*p - 13*p - 1. Give l(0).
-16
Let k(r) = -243 + 121 - r + 110. Give k(-5).
-7
Let x(i) be the first derivative of -i**4/4 - 2*i**3/3 + i**2/2 - 2*i + 40. Suppose -7*j + 15 = -2*j. Suppose 3*u + 12 = -s, -j*s = -u - 2*u. Give x(u).
4
Suppose 4*z - 3 = 49. Suppose 7*i - 29 - z = 0. Let t(r) = -2*r**2 + r - 4*r**2 - 6 + r**3 + 0*r**2. Determine t(i).
0
Let d = -31 + 28. Let u(k) be the third derivative of k**5/60 + k**4/12 - 2*k**3/3 - 34*k**2. Give u(d).
-1
Let f be 1/(2*2*129/172). Let r(z) be the first derivative of 11 - 3/2*z**2 - f*z**3 - 3*z. What is r(-4)?
-7
Suppose 17*x - 18*x + 5 = 0. Suppose -4*p + x*k + 31 = 0, 9 = -2*k - k. Let q(o) = 3*o + 3*o - 4 - o - o**2. Calculate q(p).
0
Let q(j) = -6*j**3 - 3*j**2 + 7*j + 6. Let n(y) = 5*y**3 + 3*y**2 - 6*y - 5. Let w(a) = 7*n(a) + 6*q(a). Determine w(3).
1
Let m(t) = 3*t**2 + t. Let j(v) = -v + 10. Suppose -2*s - 4 = -10. Suppose s*d - 6 = 0, q - 4*q = -4*d - 19. Let r be j(q). What is m(r)?
4
Suppose 0 = 5*o - 9 - 21. Suppose 3*v - 3*z = 6, v - o = 3*v + 3*z. Let u(l) = -l**2 + l + 9. Give u(v).
9
Suppose 2*h + 4 + 18 = 0. Let z be (h + 17)*(-2)/(-4). Let n be (2 + (z - -1))/(-2). Let u(a) = -a - 3. What is u(n)?
0
Let d(a) = -a + 7. Let u(m) = m**2 + 11*m + 15. Let q be u(-10). Let v be (-14)/(-4) - q/(-10). Suppose i = -4*n + 28, -n - 2*i = -v*i - 7. Give d(n).
0
Let o(a) = a - 7. Let k(s) = 2*s - 1. Let r(l) = -k(l) + o(l). Calculate r(-3).
-3
Let w(f) = f**2 - 9*f - 2. Let h be 10 + 7 + 2/1 + 1. Suppose -4*z - h = 0, 2*a - 8 = -0*z - 2*z. Calculate w(a).
-2
Let b(q) = q**2 + 12*q - 8. Suppose 32 = -4*v - 8*m + 3*m, 0 = -2*m + 8. Let o be b(v). Let r(f) = -f**2 + 3*f + 5. Calculate r(o).
-5
Let o(f) = -f - 25. Let w = -91 - -76. What is o(w)?
-10
Let r(v) = -2*v**3 + v**2 + 2*v. Let z(y) = -3*y**2 + 2*y**2 - 45 + 45 - 7*y. Let j be z(-6). Suppose -g - 2*c + j = 0, 2*c - 5*c = -g - 4. Give r(g).
-8
Let c be (5/10)/((-4)/(-16)). Let s(u) = -7 + 13*u**2 + 0*u**3 - u**3 - 12*u**c. Give s(0).
-7
Let p(g) be the second derivative of g**5/20 - g**4/6 - g**2 - 39*g + 1. What is p(2)?
-2
Let w(z) be the first derivative of z**6/120 + 7*z**5/60 + 7*z**4/24 + z**3/6 - 7*z**2 + 12. Let c(b) be the second derivative of w(b). Give c(-5).
16
Let g(x) = -x**3 - 3*x**2 - 3*x. Let r be 1 - 1 - (3 + -6). Let l(f) = 7*f + 4 - 4 - r*f + 1. Let n be l(-1). Calculate g(n).
9
Let q be (-28*(-7)/28)/(-1). Let b(h) = h**3 + 8*h**2 + 8*h + 7. Calculate b(q).
0
Let m(u) = -u**3 + 4*u**2 - u + 2. Let w be m(2). Suppose 3*v + 2*s = 13, v = -w*s + 7*s + 4. Let t(o) = o**2 - 4*o + 5. Calculate t(v).
10
Suppose 208*z + 360 = 184*z. Let m(u) = u**3 + 15*u**2 - u - 10. Calculate m(z).
5
Let p(t) = 8*t**2 + 6*t - 7. Let x(n) be the third derivative of -n**5/60 - n**4/24 + n**3/6 - 19*n**2. Let q(u) = p(u) + 5*x(u). What is q(-2)?
8
Let m(d) = -d**3 + 3*d**2 + 3*d - 6. Let a(p) = 7*p**2 - 32*p + 4. Let z be a(6). Suppose -22*o + z = -6*o. Determine m(o).
-10
Let p(l) = -34 - l**2 + l - 30 + 66 - 23. Calculate p(0).
-21
Let r(s) = -5*s**2 + 5*s - 1. Let n(x) be the first derivative of 2*x**3 - 5*x**2/2 + x + 16. Let p(i) = -4*n(i) - 5*r(i). What is p(5)?
1
Suppose 0 = 5*d + 1 + 9. Let r be -3 - 2*1*(-1)/1. Let g(m) = m**3 - m**2 - m + 1. Let h(i) = -i**3 - 2*i**2 - 4*i + 3. Let v(o) = d*g(o) + r*h(o). Give v(5).
0
Let i(r) = r**3 + r**2 - r + 19. Let p(k) = k**3 + 3*k**2 + 4*k + 4. Let d be p(-2). Calculate i(d).
19
Let f(w) = w**3 + 4*w**2 - w - 2. Let i be f(-3). Let m(s) = -9 + i + 7*s + 4*s. Determine m(-1).
-10
Let i(l) = 13*l**2 - 3*l - 2. Let s(v) = 12*v**2 - 3*v - 2. Let n(k) = 8*i(k) - 9*s(k). Give n(-1).
-5
Let j(d) be the first derivative of 13*d**3/3 + d**2 - d + 6. Let b be j(1). Suppose 0*l - b = l + 5*z, -3*z = 4*l + 22. Let s(x) = 2*x + 5. Calculate s(l).
-3
Let d(u) = -u**2 + 12*u + 7. Suppose -210*j + 215*j = 55. Give d(j).
18
Let h = 11 - 16. Let c be (-5 - h)/((-2)/(-2)). Suppose c = -j - 3*j. Let s(u) = u**3 + 1. What is s(j)?
1
Let j(y) = -2*y**2 - 9*y. Let o(q) = 3*q**2 + 8*q + 1. Let a(d) = -4*j(d) - 3*o(d). Let c be 4/5*(53 + -38). Calculate a(c).
-3
Suppose 3*x = -11*a + 14*a + 15, -a - 3*x = -15. Let j(m) = -m**3 - m**2 - m - 5. Determine j(a).
-5
Let b(j) be the second derivative of -j**4/24 + j**3/6 - 9*j**2/2 + 17*j. Let w(n) be the first derivative of b(n). Calculate w(8).
-7
Let h = 3 - 7. Let i(l) be the first derivative of l**2 + 4*l - 33 + 1/3*l**3. Determine i(h).
12
Let v(s) = 24 + 66*s - 22*s - 19*s - 24*s. Give v(-11).
13
Suppose -58*d + 156 = -424. Let r(v) = -5*v + 61. Give r(d).
11
Let j(m) = -5*m - 2. Let b be (3/(-15))/(3/(-15)). Determine j(b).
-7
Let y(t) = -t. Suppose 3*f + 33 = 4*w, -8*f + 21 = 2*w - 11*f. Let j(i) = -12*i - 1. Let g(q) = w*y(q) + j(q). Give g(-1).
17
Let n(y) be the second derivative of y**4/12 - 13*y**3/6 + 15*y**2/2 - 351*y. Give n(13).
15
Let o = 7 - 3. Suppose -16*m - o = -14*m. Let l(j) = 2*j**3 + 2*j**2 + 3*j + 1. Calculate l(m).
-13
Let s(q) = -q - 63 + 9 + 36. Give s(-13).
-5
Let v = -40 - -41. Let f(r) = -2 + 1 - v + 28*r - 27*r. Determine f(0).
-2
Let d(p) be the second derivative of 4*p + 0 - 2*p**2 + 1/6*p**3. Let u be (-3)/(4/(-5 - -1)). Calculate d(u).
-1
Let d(u) be the third derivative of u**4/8 - u**3/2 - 4*u**2. Let a = -7 + 27. Suppose 3*i + 2*i - a = 0. Determine d(i).
9
Let v(n) = -7 - n**2 - 1 - 8*n + 4. Let q(a) = -1 + 3 - 4 + 3 + a. Let b be q(-8). What is v(b)?
3
Suppose 8 - 13 = -b. Let w(l) be the first derivative of -l**3/3 + 7*l**2/2 - 4*l + 440. What is w(b)?
6
Let m = 444 + -436. Let h(v) = v**3 - 9*v**2 + 8*v - 11. What is h(m)?
-11
Let k(h) = -5*h**3 - h**2 + 1. Suppose 3*v - 4 = -2*v + w, -v + 3*w - 2 = 0. Calculate k(v).
-5
Let k(p) be the second derivative of 0*p**2 + 4*p + 5/12*p**4 + 0 + 1/360*p**6 - 1/30*p**5 + 0*p**3. Let r(j) be the third derivative of k(j). Determine r(3).
2
Let c(m) = -m**2 - 5*m - 6. Let v = 12 + -10. Suppose -q = -v*r - 4*q - 22, 4 = -q. Determine c(r).
-6
Let h(p) be the second derivative of p**5/20 - p**4/2 + p**3/3 + p**2 + 5*p + 10. What is h(5)?
-13
Let d be -2*3 + (-11 - -10). Let a(q) = q + 8. Determine a(d).
1
Let z(m) = -m**2 - 26*m + 47. Let n be z(-28). Let g(u) = -u**3 - 9*u**2 + 3. What is g(n)?
3
Let j = -90 + 70. Let u = j - -17. Let k(l) = -3 + l**2 + 3 + l. Calculate k(u).
6
Let b(x) be the second derivative of x**3/2 - 3*x**2/2 + 74*x. Determine b(-3).
-12
Let z(y) = 9*y - 1. Let u(o) = 13*o + 1. Let i be u(1). Suppose -4*v - 6 = i. Let s = -6 - v. Calculate z(s).
-10
Suppose -4*y + 4*l = -20, 15*l - 5 = -y + 13*l. Let c(h) be the second derivative of h**5/20 - 5*h**4/12 - h**3/3 + 3*h**2 - h. Give c(y).
-4
Let v be 2/((1 - 24/(-6)) + -3). Let f(t) = 10*t**2 - 2*t + 2. Determine f(v).
10
Let r be 2*(-11 - -6) + 2*2. Let v(n) = 5*n**3 + n**2 - 7*n + 2. Let y(f) = -14*f**3 - 4*f**2 + 21*f - 5. Let l(m) = 11*v(m) + 4*y(m). Determine l(r).
-4
Let t(b) = 5*b**3 - b**2 + 1. Let r = -13 - -16. Suppose i + 6 = r*i. Let x be -1*(4/2 - i). What is t(x)?
5
Let v(i) = i**2 - 4*i - 1. Let w be v(-3). Let s = 275 + -271. Suppose 5*p + w = 0, -2*z - s*p - 36 = -6*z. Let r(c) = c**2 - 5*c + 3. Give r(z).
3
Let n(y) be the second derivative of y**3/6 - y**2/2 + y. Suppose -5*h + 2 = 4*r + 3, 2*h + 5*r - 20 = 0. Calculate n(h).
-6
Suppose 4*c + 81 = 5*b + 105, 0 = 3*c - 3. Let l(f) = -f + 1. Let x(z) = -10*z. Let t(y) = 6*l(y) - x(y). Give t(b).
-10
Let z(j) be the first derivative of -j**2/2 - 7*j - 196. Determine z(-11).
4
Let j = 35 + -39. Let r(t) = -t**3 - 4*t**2 + 2*t + 5. Give r(j).
-3
Let z(y) = 3*y - 16. Let g be 8/60 + 236/30. Give z(g).
8
Let q(w) be the third derivative of -w**6/120 + 7*w**5/60 